(f) + 4*t(f). What is w(-8)?
-11
Let w = 39 + -74. Let l = -35 - w. Suppose -2*v + 0*v - 4*u = 0, l = 3*u - 3. Let a(y) = 3*y - 1. Determine a(v).
-7
Let d(x) = 13*x + 20*x + 19*x - 10*x + 412. Determine d(-10).
-8
Let n(q) = -2*q. Let u be 5/5 + -1 + 0. Suppose -4*j - 15 - 9 = u. Determine n(j).
12
Let q(u) be the second derivative of u**7/840 - u**6/60 - u**5/12 - u**4/8 + u**3/3 + 6*u**2 - 7*u + 1. Let y(i) be the second derivative of q(i). What is y(7)?
-24
Let m(w) = 4*w - 2. Let x = 802 - 344. Let p = x - 456. Calculate m(p).
6
Let i = 2 - -8. Suppose 0 = -11*j + i*j - 7. Let l be (-1 - 0)*(j + 4). Let y(r) = r**3 - 2*r**2 - 5*r + 4. Give y(l).
-2
Let m(b) = b**3 + 4*b**2 + 5*b. Let u be (-1 - (-22)/10)*3680/(-1472). Determine m(u).
-6
Suppose -2*j - 137 = 177. Let y = 156 + j. Let h(p) = 6*p**2 + 2*p + 2. Calculate h(y).
6
Let p(h) = 2*h**2 + 8*h - 21. Let j(q) = q**2 + 5*q - 13. Let w be (-2)/(1/(-8)*(-8)/4). Let t(l) = w*j(l) + 5*p(l). Give t(2).
7
Let k = 205 + -203. Let x(w) = -4*w**2 + w**k + w - 3*w**2 + 0*w**2. What is x(-2)?
-26
Let o be (1*-9 + -3)*(-2 + -4). Let s(j) = 1 - o*j**2 + 153*j**2 - 73*j**2 - j**3. Calculate s(8).
1
Let w(t) = -2*t**2 + 13*t + 17. Let f(x) = x**2 - 2*x - 17. Let k(a) = -3*f(a) - 2*w(a). Give k(18).
-19
Let w = 2828 - 2846. Let p(y) = y**2 + 9*y - 26. What is p(w)?
136
Suppose -59*d - 940 = 135*d - 6*d. Let q(u) = 2*u**3 - 7 - 3*u**3 - 7*u - 7*u**2 + 0*u. Calculate q(d).
-22
Let l = -367 + 468. Let y = l + -107. Let a(g) = -5*g - 2*g**2 + 1 + g**2 + 0*g**2. Calculate a(y).
-5
Let y(l) = 14*l - 534. Let z be y(38). Let p(x) = -x**3 + 5*x**2 + 5*x + 8. Let o be p(6). Let w(a) = 3*a**2 + 0*a**2 + 1 + 3*a - 4*a - 5*a**o. What is w(z)?
-5
Let w = -692 - -697. Let v(m) = 9*m**2 - 43*m - 5. Determine v(w).
5
Let x be -3 - (5 + (-2 - 5)). Let o be (-4 - (8 - 12))*x/1. Let s(r) be the third derivative of -r**6/120 + r**5/60 - r**4/24 + 5*r**3/3 - r**2. Calculate s(o).
10
Let i be 2/(-6)*3*3*1. Let y(z) be the third derivative of -z**5/30 - z**3/2 - 83*z**2. Give y(i).
-21
Let b be -2 + -1 - (-6 + -6). Let j = 131 - 118. Let n be j/(-4) + b/(-12). Let h(z) = z**3 + 4*z**2 - 2*z - 1. Calculate h(n).
7
Let h(l) = 19*l**2 - 1. Let w be 3*(0/1 - (-12 + 14)). Let j be (-2)/(w/51) - 2. Suppose -j*t + 4*t + 11 = 0. Give h(t).
18
Let k(f) = 38*f**2 + 119*f + 218. Let a(q) = -13*q**2 - 40*q - 77. Let s(w) = -17*a(w) - 6*k(w). Calculate s(-5).
-4
Let y(z) be the third derivative of z**4/8 + z**3/6 - 12*z**2. Let i be y(5). Let p(m) = -4*m - 6*m + i*m - 4 - 5*m. Calculate p(0).
-4
Let v(x) = 4*x + 137. Let b be ((-16)/(-5)*20)/(-2). Give v(b).
9
Let t(i) = -i**2 + 6*i - 6. Suppose 0 = 111*w - 88*w + 736. Let g be (w/10)/(-1) + 4/5. Give t(g).
2
Let n(j) = -j**3 + 12*j**2 + 3*j - 42. Suppose 3*f - 39 = 40*t - 45*t, 5*t - 74 = 2*f. What is n(t)?
-6
Let s(i) = -2*i - 2. Let u be 41 - 45 - 38/(-10) - 8/10. Determine s(u).
0
Let n(y) = 50*y**2 - 3*y - 14. Let p(m) = 2*m**2 - m - 5. Let x(s) = n(s) - 3*p(s). Determine x(1).
45
Suppose 16*y + 5*u - 25 = 18*y, 3*y - 4*u = -34. Let q be y/((-80)/(-24))*1. Let b(f) = 3*f - 6. What is b(q)?
-15
Let f(i) = -i**3 - 4*i**2 + 5*i + 2. Let d be 10*19/(-38) - (1*-1)/1. Give f(d).
-18
Let m be ((-15)/(-60))/((-1)/4). Let h be (-20)/(-20) + -1 + m. Let b(t) = 15*t**3 - t**2 - 2*t - 1. Determine b(h).
-15
Let k(m) = -56935*m + 3*m**2 + m**2 + 28482*m + 1 + 28454*m. Let s(u) = -u**2 + 5*u + 5. Let j be s(6). Let o be (-1 - -1) + (j - 0). Calculate k(o).
4
Let o(r) = -145*r + 2616. Let t be o(18). Let y(x) = x**2 - 2*x - 9. What is y(t)?
15
Let r(f) = 8*f**3 + 511*f**2 - 63*f + 66. Let u be r(-64). Let x(c) = -1 + 15*c - 9*c - 7. What is x(u)?
4
Let u(t) = -2*t**3 - 15*t**2 - 1. Let j be u(-7). Let p = 52 + j. Let c(d) = p + 35*d - 18*d - 18*d. Give c(6).
-4
Let u(s) = -s**3 + 6*s**2 + 41*s - 27. Let g be u(10). Let d(v) = -4*v - 69. Calculate d(g).
-1
Let z(h) = h + 7708571 - 7708571. Calculate z(0).
0
Let c(d) be the third derivative of -d**6/120 - 47*d**5/60 + d**4/8 + 18*d**3 + 2*d**2 - 58*d - 3. Give c(-47).
-33
Let x be (-6)/(-12) - 6/((-6)/1). Let a(d) be the second derivative of -x*d**2 + 0 - 1/12*d**4 + 3*d - 3/2*d**3. Give a(-9).
-3
Let u(x) = -3*x**3 - 12*x**2 + 22*x - 70. Let s(h) = 8*h**3 + 36*h**2 - 65*h + 209. Let o(v) = -4*s(v) - 11*u(v). Calculate o(11).
11
Let u(c) = -1. Let s(m) = m**2 - 1. Let q(p) = 3*s(p) - 2*u(p). Suppose 2*h = 2*v - v - 2, -v - 2*h + 18 = 0. Suppose v*z = z + 9. Give q(z).
2
Let d(z) = z**2 - 5*z + 2. Let s = -4021 - -4024. What is d(s)?
-4
Suppose -2*n = n - 2*d, 12 = 4*d. Let o(p) = 2*p**n - 172*p + 4*p**3 - 2 - 6*p**3 + 172*p. Give o(2).
-10
Let i(s) = -s**3 + 7*s**2 - 12*s + 24. Let g be i(4). Suppose -10 = 14*d - g*d. Let z(y) = -6*y**2 - 2*y + 1. Determine z(d).
-7
Let b(q) = -10*q - 4 - 5*q + 6*q - q**2 + 15. Let a(z) = -z**2 + 12*z + 18. Let f be a(14). Determine b(f).
1
Let s(x) = -x**3 - 9*x**2 + 8*x - 27. Let n be 98 + -110 + (-2)/(-1). Determine s(n).
-7
Let p(k) = -k**3 + 3*k**2 - 4*k - 7. Let j(l) = -l**2 + l. Let d = 0 - 1. Let c(m) = d*p(m) - 4*j(m). Suppose 2*x + 4 = -4*f, 4 = -11*x + 3*x - 4*f. Give c(x).
7
Let x(m) = m**3 + m - 2. Let u = 17 - 12. Suppose 4*z + 211 = b, u*b - 1 = -6. Let v = z - -55. Give x(v).
8
Let n = -26292 - -26285. Let h(t) = -t**3 - 5*t**2 + 32*t + 113. Determine h(n).
-13
Let o(u) = u**3 - 6*u**2 + u. Let j be o(6). Let w be 5 - j - (2 + 1). Let g(v) be the third derivative of -v**4/12 - v**3/3 - 37*v**2 + 2. Calculate g(w).
6
Suppose -6*q + 118 = 100. Suppose -q*p - 12 = 2*u + p, 4*p = -5*u - 12. Let t(j) = j**3 - j**2 + 2. Calculate t(u).
2
Let b(q) be the first derivative of -q**3/3 - 8*q**2 - 17*q - 10182. Determine b(-12).
31
Suppose -2*z + 8 + 0 = -h, 0 = -5*h + z + 5. Let r(l) = -3 + 1 - 14*l**2 + 2*l + h*l + 15*l**2. Suppose -15 = -5*f + 8*f. Determine r(f).
3
Let t(q) = -q**2 + 13*q - 5. Let b be t(8). Let n(l) = 2*l - 79. Calculate n(b).
-9
Let c(m) = 118*m + 2. Let n(w) = -707*w - 71. Let a(r) = 6*c(r) + n(r). Give a(16).
-43
Let f(x) = -63 - 1698*x**2 + 3*x + 870*x**2 + 829*x**2. Calculate f(-9).
-9
Let l(w) = -16*w + 335. Let i(d) = -14*d + 277. Let p(r) = -7*i(r) + 6*l(r). Determine p(-20).
31
Suppose 3*k = 5*f + 38, 6*f = f - 20. Let l be (-36)/27 + 2/k. Let q(r) = -9*r - 4. Give q(l).
5
Let q(w) be the third derivative of -w**6/120 - w**5/20 + 5*w**4/8 - 13*w**3/6 + 6362*w**2. Give q(2).
-3
Let f(p) = 2*p - 9. Let t(g) be the first derivative of -3*g**2 + 26*g + 34. Let x(s) = -11*f(s) - 4*t(s). Give x(-7).
-19
Let o = -32 + 36. Suppose 5*a - 2 = -o*w, a = -0*a - w. Suppose -n = 5 - a. Let c(j) = -2*j**2 - 4*j. Determine c(n).
-6
Let i(f) be the second derivative of f**6/120 + 7*f**5/60 - f**4/4 + 7*f**3/6 - 41*f**2/2 + 3*f - 14. Let m(j) be the first derivative of i(j). Give m(-8).
-9
Suppose -78 = -12*q - 14*q - 0*q. Let n(j) be the first derivative of 1/4*j**4 - 2 - 4/3*j**3 + 4*j - j**2. What is n(q)?
-11
Let a(p) = -4 - 3*p + p**3 - 4*p**2 - 8*p + 0*p**2 + 14*p. Suppose 2*z + z + 3*x - 171 = 0, -2*z + 5*x = -135. Let q be (1 + 0)/(15/z). What is a(q)?
8
Let z(f) be the first derivative of -f**4/4 + 26*f**3/3 + 27*f**2 + 41*f - 3180. Determine z(28).
-15
Suppose 1979*c - 1976*c + 3*p = 33, -41 = -5*c - 3*p. Let b(m) = m**2 - 9*m + 4. Determine b(c).
-16
Let z(u) be the second derivative of -u**4/12 + 77*u**3/6 + 9*u**2/2 + 359*u + 3. What is z(0)?
9
Let a(m) = 4 - 6 - 1 + m + 2. Suppose 0 = 12*h + 2*h. Let g be h - (-5)/10 - (-1)/2. Calculate a(g).
0
Suppose -5*g - 2*x + 56 = -3*g, -3*g - 2*x + 79 = 0. Suppose -25*u + 100 = -g*u. Suppose 5 = 51*p - u*p. Let z(q) = q**3 - 6*q**2 + 5*q - 1. Give z(p).
-1
Let p be 8 - (-1 - -7) - 5*15. Let f = p - -70. Let i(o) = 2*o**2 + 3*o - 6. Let q(m) = 4*m**2 + 6*m - 13. Let z(g) = 7*i(g) - 3*q(g). Calculate z(f).
6
Let f(l) = -333*l**2 + 371*l**2 + 4 - 1 - 3 + 2. Calculate f(1).
40
Let d(l) = -l**2 - l. Let n(r) = r**3 + 4*r**2 - 3*r - 9. Suppose 0 = -4*m + 2*x - 12, -m = 13*x - 15*x. Let i be n(m). Determine d(i).
-12
Let t(l) = l**3 - 73*l**2 - 181*l + 2331. Let m be t(75). Let x(k) = -86*k + 508. Determine x(m).
-8
Let a be ((-96)/(-9))/(-2 + 16/12). Let v(t) = -t**3 - 16*t**2 + 5*t + 56. Determine v(a).
-24
Let t(s) be the second derivative of 